f y**4/12 + 8*y**3/3 - 14*y**2 - 15*y + 15. Give q(-22).
104
Let v = -2 + 5. Let b(y) be the second derivative of -2/3*y**3 - 2*y**2 + 0 - 13*y. Determine b(v).
-16
Let y be (-21)/(-28) - 162/24. Let f(t) = 5*t**2 - 16*t - 9. Let s(u) = -u**2 + 3. Let j(a) = y*s(a) - f(a). Determine j(-17).
8
Let q(u) = 54*u - 642. Let b(t) = -30*t + 323. Let s(g) = -5*b(g) - 3*q(g). Determine s(26).
-1
Let f(k) = 2*k**2 - k - 7. Let w(z) = -z**2 - 315*z - 314. Let j be w(-1). Give f(j).
-7
Suppose 6313*o - 6300*o + 52 = 0. Let f(n) = -n**2 - 18*n - 63. Determine f(o).
-7
Let h(w) be the first derivative of -w**2/2 - 7*w + 64. Let c(i) = 11*i + 2. Let t be c(-1). Determine h(t).
2
Let l(h) = 3*h**2 - 30*h + 28. Let w be l(9). Let x(u) be the first derivative of -u**4 - 14. What is x(w)?
-4
Let n be -2 - (7 + -10) - 38/(-2). Suppose -4*v + n = 6*v. Let o(b) = -2*b**3 - 2*b**2 + 2. What is o(v)?
-22
Let o(x) = -3*x + 9. Suppose -25*y - 35 = -18*y. Determine o(y).
24
Let t(c) be the second derivative of 1/24*c**4 - 1/6*c**3 + 7*c + 0 - 15/2*c**2. Let o(f) be the first derivative of t(f). Give o(4).
3
Let m be (-40)/15 + (-10)/(-6). Let l be 0/1*m/4. Let d(o) = -o**3 + o**2 + o + 7. What is d(l)?
7
Let o(d) be the second derivative of -d**3/2 + 25*d**2 + 772*d - 2. Give o(15).
5
Suppose -398*d = -200*d - 202*d - 16. Let b(h) = -23*h - 42. Determine b(d).
50
Let x be (2/4 + 0)*-2. Let o be (-8*(-9)/42)/(30/105). Let v(y) = -9 - o*y**2 + 9 + 0 - 1 + 2 + y. What is v(x)?
-6
Let v = 22 + -11. Let d(i) = -34*i**3 - 16*i**2 + 5*i - 11. Let o(b) = -27*b**3 - 15*b**2 + 4*b - 10. Let y(h) = 4*d(h) - 5*o(h). Determine y(v).
6
Suppose 0 = -2*z + 64 - 16. Let r be z/7 + 48/84. Let o(g) be the third derivative of -g**4/12 + g**3/3 - 128*g**2. Give o(r).
-6
Suppose -33*o + 36 = -27*o. Let f(v) = -8*v + 0*v - 2 - v**2 - o. Let x be 33/22*4*-1. Determine f(x).
4
Let w(b) = 24*b - 151. Let u(d) = -25*d + 124. Let o(x) = 4*u(x) + 5*w(x). Give o(13).
1
Let l(x) = -15*x + 10. Let h(o) = 13*o - 9. Let q be 12*(-17 - -20)*(-2)/(-12). Let w(i) = q*h(i) + 5*l(i). Calculate w(6).
14
Let d(l) = -4*l - 13. Let z(v) = -3*v - 12. Let a(u) = -4*d(u) + 5*z(u). Let y(c) = -8*c + 4*c + 0 - 3 + 3*c. Let p be y(-10). What is a(p)?
-1
Let o(g) be the second derivative of -g**4/12 - g**3/3 + 3*g**2 + 1100*g. Calculate o(-5).
-9
Let z(w) be the third derivative of 11*w**7/2520 - w**6/720 + w**5/120 + 35*w**4/24 - w**3/6 - 110*w**2. Let a(u) be the second derivative of z(u). Give a(1).
11
Let p(q) = -q**2 - 4*q - 2. Suppose -2*k - 295 + 277 = -5*f, 5*k - 48 = -3*f. Determine p(k).
-62
Suppose -5*n + 136 = 3*b + b, -4*n = 2*b - 104. Suppose n*l - 23*l = 4. Let m(y) = -y**3 + 4*y**2 + 4*y - 4. What is m(l)?
12
Let i(r) = -2. Let f(b) = -91*b + 0 - 6 + 90*b. Let h(p) = -f(p) + i(p). Calculate h(3).
7
Let m(g) = 5*g**2 - 6 - 1 - 291*g**3 + 575*g**3 - 283*g**3. Determine m(-3).
11
Let x = 0 + 4. Let n = -157 - -159. Let y(g) = n*g + 2 - 4*g + x*g. Determine y(-4).
-6
Suppose 2*b = -5*m - 1, -5*m - 7 = -2*b + 2. Suppose -15 = -3*s, -5*c + s = b*s - 375. Let n = 75 - c. Let x(y) = -5*y + 1. Determine x(n).
-4
Let x(h) = -6*h + 35. Suppose -26 = -5*v + o - 2, 0 = -o + 1. Determine x(v).
5
Let u(n) = -n**2 - 6*n + 10. Let j be 32/18 - 20/(-90). Suppose 2*q + 22 = -j*f, -5*q = -3*f + 7 + 8. Determine u(q).
10
Let w(g) = -2*g. Suppose 2*o - 36 = -7*o. Let f be 8 + o/2 + -4. Suppose 0 = -f*y - 6 - 6. Calculate w(y).
4
Suppose g - 23 = -3*c, 0 = -4*g - 7*c + 3*c + 52. Let h(p) be the second derivative of -p**5/20 + 2*p**4/3 - p**3/3 + 4*p**2 - 6*p. Determine h(g).
-8
Let b be ((-192)/(-128))/((-2)/(-1 + (-13)/3)). Let k(a) = -3*a**2 + 18*a - 34. Determine k(b).
-10
Suppose 8*o - 2*t - 70 = 0, 159*o - 5*t + 55 = 162*o. Let q(b) = -11*b + 112. What is q(o)?
2
Let g = 10 - 14. Let j(b) be the second derivative of 1/2*b**3 + 72*b + 0 + 3*b**2. Calculate j(g).
-6
Let q(j) = j**3 - 5*j**2 + 4*j - 1. Let s = -64 - -25. Let n(h) = -h**3 - 41*h**2 - 78*h + 3. Let x be n(s). Calculate q(x).
-7
Let n(c) = c**3 - 2*c**2 + 3. Let t(m) = -1. Let p(x) = n(x) + 4*t(x). Let s(r) = 18*r + 6. Let u be s(-7). Let h be ((-90)/u)/(2/8). Calculate p(h).
8
Let q(t) be the third derivative of t**5/20 - 7*t**4/8 + 7*t**3/3 - 5*t**2 + 78*t. What is q(7)?
14
Let o(u) = 21*u + 232. Let d be (-117)/108*10 - (-1)/(-6). What is o(d)?
1
Let u(m) = m**3 - m**2 - 2*m. Let w(q) = -14*q**2 - 12*q + 5*q + 2*q**2 - 3 + 3*q**3 + 0*q**3. Let a(b) = 4*u(b) - w(b). Determine a(-8).
11
Let l(j) = -3*j**2 - 9*j - 14. Let s = -14946 - -14942. Give l(s).
-26
Let l(x) = x**2 + 4*x - 1. Let o = -85 - -86. Let v be 16/(o/3*3). Suppose -v - 5 = 7*c. Determine l(c).
-4
Let v(j) = -j**3 - 8*j**2 - 5*j - 2. Let w = -2333 - -2327. What is v(w)?
-44
Let z be (-1 + 21)*((-357)/459 - 6/27). Let h(j) = -j**2 - 22*j - 46. What is h(z)?
-6
Let j(f) be the second derivative of 3*f**5/10 + f**3/2 + f**2 + 1343*f + 1. Determine j(-1).
-7
Let p(b) be the first derivative of -12*b + 1/3*b**3 - 9/2*b**2 - 38. Determine p(10).
-2
Let a(f) = -6*f**3 - 2*f**2 - 3*f - 10. Let g(m) = -4*m**3 - 3*m**2 - 3. Let i(s) = a(s) - 2*g(s). Give i(-3).
-13
Let o(c) = -c**2 + 11*c + 122. Let m(g) = g**3 + 94*g**2 - 190*g + 185. Let q be m(-96). Give o(q).
-4
Let w(y) be the first derivative of 5*y**2/2 - 50*y - 6249. Determine w(11).
5
Let r = -14 - -21. Suppose 4*v = r*v. Let w(i) = -14*i**2 - 3*i + 48. Let k(p) = -5*p**2 - p + 16. Let l(j) = -11*k(j) + 4*w(j). What is l(v)?
16
Let c(k) = -k**2 - k - 16. Suppose -29*u + 10 = -24 + 34. What is c(u)?
-16
Let j(l) be the first derivative of -13*l**2/2 + 273*l + 4687. What is j(20)?
13
Suppose -5*z = -9 - 26. Let n(d) = 456 + 460 + 6*d + 0*d**3 + d**3 - 2*d**3 - 913 + 6*d**2. Calculate n(z).
-4
Let s(d) = -d - 6. Let r be -4*((-636)/(-16) + 4). Let g = r - -175. Determine s(g).
-6
Let m(j) = -2*j**2 + 7*j - 25. Let n(h) = -h**2 + 3*h - 12. Let a(u) = 2*m(u) - 5*n(u). Let r(i) = 7*i - 63. Let d be r(9). Determine a(d).
10
Suppose 4*h - 84 = h. Suppose 7*d - 18 - 3 = 0. Suppose d*r = -r - h. Let v(z) = -z**2 - 7*z - 9. Determine v(r).
-9
Let x(l) be the third derivative of -l**7/840 + l**6/360 - l**4/12 - 5*l**2. Let h(w) be the second derivative of x(w). Let c = 1772 + -1775. Calculate h(c).
-33
Let m be 2/(-10)*(-1 + 6). Let k(y) = -y**3 + y**2 + y - 1. Let p(f) = -2*f**3 + 3*f**2 + 3*f - 1. Let l(d) = m*p(d) + 3*k(d). Calculate l(0).
-2
Let k(f) = 17*f + 3. Let n(z) = 483*z + 70. Let x(d) = 28*k(d) - n(d). Give x(-5).
49
Let u(y) = -22*y**2 - 1. Suppose -1345*v - 20 = -1347*v - 3*h, -4*v = -3*h + 14. Determine u(v).
-23
Let m(p) = p + 4. Let v = 28 + -27. Suppose -j = 4*g - 2*j - v, -2*g - 2 = 2*j. Suppose 2*n - 8*n = g. What is m(n)?
4
Let f(n) = 16*n + 21. Let t(y) = 7*y + 10. Let q(v) = 4*f(v) - 9*t(v). Calculate q(-5).
-11
Let i(m) = 174 + 6*m - 7*m - 89 - 91 + 3*m. Let w be (-2 - 16/(-10))*-10. Give i(w).
2
Let t(p) = 2*p**3 + 4*p**2 - 9*p - 5. Let o = 85 - 86. Let k(v) = v**3 - v. Let z(d) = o*t(d) + k(d). Let w = 2 + -7. Calculate z(w).
-10
Suppose 2*z - 24 = 2*l, -4*z + 9*l - 7*l = -40. Let s(u) be the third derivative of -u**6/120 + 7*u**5/60 + 5*u**4/12 - 7*u**3/6 + 5*u**2 - 26*u. Give s(z).
9
Let r(t) = -3*t**2 + 15*t - 2. Let m be r(3). Suppose -4*b = -m*b + 24. Let x(o) = o**3 - 4*o**2 + 2*o + 1. Give x(b).
-3
Let r(o) = -28*o**2 - 42*o - 178. Let l(q) = 5*q**2 + 8*q + 34. Let k(h) = 11*l(h) + 2*r(h). Give k(3).
21
Suppose -158*y + 140*y + 81 = 27. Let s(o) be the second derivative of 1/2*o**2 - 1/12*o**4 + 0 + 19*o + 5/3*o**y. Determine s(9).
10
Let a(o) = -3*o**2 + 14*o + 11. Suppose -5*u = 3*x + 1, 0 = 4*u + x - 5*x + 20. Let y(l) = 7*l**2 - 33*l - 22. Let j(q) = u*y(q) - 5*a(q). Give j(5).
-6
Let r(f) = 0 - 2 + 1 + 263475*f - 263476*f. Calculate r(-10).
9
Let i(b) = -2*b**2 + 3*b + 5. Let r(g) = g**2 - 51*g - 1698. Let u be r(74). Give i(u).
-15
Suppose 2*b - 10*o = -12*o + 10, b - o = -3. Let m(i) be the first derivative of -9*i**2/2 + 3*i + 21. What is m(b)?
-6
Let x(o) be the second derivative of 1 - 1/6*o**3 - 92*o - 3/2*o**2. Calculate x(3).
-6
Let t(j) = -6 + 1 - 1 - j. Let c be t(-16). Let l = c - 13. Let v(i) = -i**2 + 1. Calculate v(l).
-8
Let n(w) = 4*w + 46 + 4*w - 32. Let m be n(-3). Let v(a) = -a**3 - 9*a**2 + 11*